(a) = -75*a - 805. What is b(-11)?
20
Let v(j) = -89*j + 1784. Give v(20).
4
Let a(s) = -s**3 - 93*s**2 - 5*s - 476. Calculate a(-93).
-11
Let u(r) = -r**3 - 121*r**2 - 2737*r - 188. Calculate u(-30).
22
Let c(t) = -13*t + 959. What is c(76)?
-29
Let a(b) = -b**3 + 158*b**2 + 68*b + 14488. Give a(159).
19
Let n(u) = -45*u - 1385. Give n(-32).
55
Let f(i) = 3*i**2 + 25*i - 139. Give f(10).
411
Let l(c) = 230*c - 2061. Give l(9).
9
Let z(g) = -13*g**2 + 26*g - 109. What is z(5)?
-304
Let q(t) = t**2 - 8*t - 1278. Calculate q(40).
2
Let l(c) = -151*c**2 - 1667*c - 78. What is l(-11)?
-12
Let t(p) = -2*p - 75. Calculate t(-43).
11
Let z(a) = 39*a**2 - 25*a - 25. Give z(-1).
39
Let k(y) = -7*y**2 + 84*y - 32. Give k(15).
-347
Let n(k) = 36*k + 1917. What is n(-61)?
-279
Let z(w) = -783*w + 29002. What is z(37)?
31
Let b(y) = 4908*y + 14731. Give b(-3).
7
Let u(x) = 276*x - 221. Give u(-1).
-497
Let u(a) = -76*a**2 + 15*a + 1. Calculate u(2).
-273
Let u(g) = -g**2 - 26*g - 180. Give u(-16).
-20
Let w(m) = m**2 - 480*m - 957. Calculate w(-2).
7
Let y(o) = -17*o**2 - 39*o + 7. Give y(-4).
-109
Let m(i) = -i**3 + 22*i**2 - 86*i + 34. Give m(3).
-53
Let p(b) = -b**3 + 26*b**2 + 224*b + 217. Determine p(33).
-14
Let j(h) = -h**3 + 5*h**2 + 91*h - 570. Determine j(7).
-31
Let q(k) = 303*k - 26079. What is q(86)?
-21
Let z(l) = 2*l**3 - 775*l**2 + 1942*l - 6541. What is z(385)?
4
Let m(f) = 27*f**2 + 26*f - 16. What is m(-2)?
40
Let p(d) = -2*d**3 - 8*d**2 + 19*d - 25. Calculate p(3).
-94
Let t(r) = -107*r + 1004. Determine t(9).
41
Let i(b) = b**2 + 86*b - 649. What is i(-93)?
2
Let l(i) = 228*i + 722. Give l(-2).
266
Let a(f) = -f**2 + 151*f - 1412. Determine a(10).
-2
Let l(b) = -b**2 + 20*b - 22. Give l(14).
62
Let u(j) = -3*j**2 - 20*j + 149. Determine u(6).
-79
Let r(c) = -5*c**2 + 57*c + 49. Determine r(18).
-545
Let v(l) = -3*l**2 - 70*l + 119. What is v(-25)?
-6
Let v(q) = q**3 + 28*q**2 - 134*q - 178. Give v(-32).
14
Let n(b) = 286*b**2 + 15*b + 14. Determine n(-1).
285
Let w(h) = -14*h**2 + 18*h + 40. Give w(-2).
-52
Let l(r) = r**3 + 60*r**2 + 210*r - 798. What is l(-56)?
-14
Let y(j) = -2*j**3 + 17*j**2 + 2*j - 33. Give y(8).
47
Let d(z) = 15*z - 354. Calculate d(22).
-24
Let n(t) = -3*t**2 + 118*t - 617. Give n(6).
-17
Let z(s) = 86*s - 220. Calculate z(5).
210
Let o(h) = -h**3 - 8*h**2 - 2*h + 19. Give o(-5).
-46
Let l(a) = -a**2 - 254*a - 5123. Calculate l(-22).
-19
Let d(l) = l**2 + 5*l + 97. Calculate d(0).
97
Let h(l) = -1132*l + 41877. Determine h(37).
-7
Let b(m) = m**3 + 3*m**2 - 9. Give b(-2).
-5
Let l(y) = 335*y + 20434. Determine l(-61).
-1
Let x(r) = r**3 + 14*r**2 + 48*r + 30. Calculate x(-7).
37
Let f(t) = -t**3 + 56*t**2 - 56*t + 61. Calculate f(55).
6
Let c(q) = -q**3 + q**2 + 54*q - 29. Calculate c(10).
-389
Let k(m) = 122*m + 118. Determine k(0).
118
Let l(d) = 7*d**3 + 523*d**2 + 372*d + 144. Determine l(-74).
-4
Let t(n) = -45*n - 448. What is t(-8)?
-88
Let r(b) = 2*b**2 - 116*b + 964. Give r(48).
4
Let v(a) = a**3 - 3*a**2 - 8*a - 10. Give v(5).
0
Let z(u) = -u**3 + 11*u**2 - 20*u + 13. What is z(10)?
-87
Let w(m) = 53*m - 631. Determine w(12).
5
Let r(b) = -b**3 - 16*b**2 - 26*b - 744. Calculate r(-17).
-13
Let a(d) = -148*d + 4172. Calculate a(24).
620
Let q(h) = 3*h**2 + 102*h + 186. Calculate q(-32).
-6
Let k(p) = p**3 + 18*p**2 + 73*p + 45. Give k(-5).
5
Let c(h) = -h**2 + 8*h - 263. What is c(0)?
-263
Let r(t) = 20*t + 150. Give r(-8).
-10
Let c(a) = -2*a**3 - 102*a**2 - 104*a - 28. Give c(-50).
172
Let t(l) = -l - 101. What is t(-86)?
-15
Let i(w) = -w**3 - 10*w**2 - 17*w - 27. Determine i(-4).
-55
Let w(t) = -227*t + 1618. Calculate w(7).
29
Let k(r) = -2*r**2 + 22*r + 1131. What is k(-19)?
-9
Let t(x) = 694*x - 3477. Determine t(5).
-7
Let r(f) = -f**2 + 327*f + 5879. Calculate r(-17).
31
Let p(g) = -3*g**3 - 14*g**2 + 10*g + 4. Calculate p(4).
-372
Let f(a) = -2789*a - 13942. Determine f(-5).
3
Let u(q) = -q**3 - 14*q**2 + 102*q - 13. Calculate u(5).
22
Let o(n) = -14*n**2 + 57*n + 367. Calculate o(-6).
-479
Let w(l) = 3*l**3 + 3*l**2 - 6*l + 3. Determine w(2).
27
Let d(v) = -v**3 - 52*v**2 + 48*v - 205. Give d(-53).
60
Let u(r) = -r**2 - 96*r - 2053. What is u(-64)?
-5
Let m(d) = 24*d**2 + 56*d + 21. What is m(-2)?
5
Let g(v) = -4*v + 39. Determine g(23).
-53
Let d(k) = -k**3 + 7*k**2 - k + 49. What is d(8)?
-23
Let u(z) = -2*z**2 + 56*z + 124. Calculate u(33).
-206
Let o(d) = -180*d - 984. Calculate o(-6).
96
Let o(q) = q**3 - 60*q**2 + 122*q - 12. Calculate o(58).
336
Let h(v) = -2194*v + 50456. What is h(23)?
-6
Let h(x) = 2*x**3 + 10*x**2 - 11*x + 3. Give h(-6).
-3
Let m(p) = -832*p + 20049. Calculate m(24).
81
Let s(w) = -w**3 + 78*w**2 + 356*w - 2293. What is s(82)?
3
Let d(k) = 2*k**3 + 11*k**2 + 2*k + 18. Determine d(-6).
-30
Let d(i) = -i**3 - 6*i**2 - 8*i - 154. Calculate d(-8).
38
Let o(y) = y**3 - 14*y**2 - 103*y - 285. What is o(20)?
55
Let z(n) = -n**3 - 29*n**2 - 190*n + 175. Determine z(-12).
7
Let n(f) = 4*f**3 + 5*f**2 + 8*f + 4. Give n(-3).
-83
Let m(l) = -153*l - 15447. Give m(-101).
6
Let s(b) = 98*b + 85. What is s(-1)?
-13
Let z(a) = -a**2 - 13*a + 187. What is z(-21)?
19
Let w(o) = o**3 - 3*o**2 - 13*o + 39. Calculate w(8).
255
Let r(z) = -4*z**3 - 84*z**2 - 3*z - 41. Calculate r(-21).
22
Let f(m) = -173*m + 42716. Give f(247).
-15
Let p(f) = 5*f + 64. Calculate p(-22).
-46
Let s(f) = f**2 + 11*f - 1140. Give s(-39).
-48
Let y(p) = p**3 + 24*p**2 - 19*p + 6. What is y(-24)?
462
Let v(m) = -25*m + 18. Calculate v(-1).
43
Let c(p) = -3*p**2 + 14*p + 221. Give c(15).
-244
Let o(i) = -10*i - 68. Calculate o(8).
-148
Let v(o) = o**3 - 52*o**2 + 130*o + 828. What is v(49)?
-5
Let l(c) = -191*c - 8788. Calculate l(-46).
-2
Let u(f) = 5*f**2 + 535*f - 1080. Calculate u(2).
10
Let o(h) = -5*h**2 - 25*h + 1. Give o(-6).
-29
Let h(x) = -67*x - 5021. Give h(-75).
4
Let t(g) = -6*g - 477. What is t(17)?
-579
Let j(k) = -4*k**3 - 48*k**2 + 19*k - 24. Give j(-13).
405
Let x(s) = s**3 - 13*s**2 + 38*s - 34. Determine x(9).
-16
Let v(k) = -k**3 - 30*k**2 + 249*k - 10. Calculate v(7).
-80
Let p(a) = -a**2 - 38*a - 78. Calculate p(-2).
-6
Let p(z) = 5*z**3 + 149*z**2 - 26*z + 103. What is p(-30)?
-17
Let m(y) = y**3 - 27*y**2 - 44*y + 434. Determine m(28).
-14
Let j(x) = 820*x**2 + 4099*x - 11. Calculate j(-5).
-6
Let t(f) = f**3 + 16*f**2 + 39*f + 2. What is t(-13)?
2
Let u(q) = q**3 + 115*q**2 + 326*q - 38. Calculate u(-3).
-8
Let r(o) = 772*o + 11609. What is r(-15)?
29
Let g(z) = -z**3 - 55*z**2 + 231*z + 17. Calculate g(4).
-3
Let b(s) = s**3 - 22*s**2 - 347*s - 501. Calculate b(33).
27
Let l(d) = -14*d + 874. Give l(0).
874
Let a(v) = 6731*v + 255783. Calculate a(-38).
5
Let w(l) = 9*l**3 + 2*l**2 + 16*l - 15. Determine w(1).
12
Let h(z) = z**3 + 5*z**2 + 15*z - 28. What is h(-5)?
-103
Let d(p) = -p**3 + 49*p**2 + 56*p - 266. Determine d(50).
34
Let k(t) = -2*t**3 + 196*t**2 - 199*t + 480. Calculate k(97).
-5
Let d(h) = -h**3 - 63*h**2 + 7*h + 75. What is d(-63)?
-366
Let b(u) = -13378*u - 66889. Determine b(-5).
1
Let q(j) = -63*j**2 + 313*j + 16. What is q(5)?
6
Let x(k) = 2*k**2 + 216*k + 1242. What is x(-6)?
18
Let p(n) = -7*n**2 + 57*n + 58. What is p(-1)?
-6
Let r(p) = -3*p**2 + 544*p + 1089. Give r(-2).
-11
Let m(x) = -239*x**2 + 27005*x + 239. Determine m(113).
13
Let x(o) = o**3 + 48*o**2 + 220*o + 239. Give x(-43).
24
Let o(s) = -3*s**3 + 60*s**2 + 313*s - 5234. What is o(21)?
16
Let o(b) = b**2 - 41*b + 41. Calculate o(40).
1
Let v(z) = -50*z - 165. What is v(5)?
-415
Let b(v) = -v**3 + 24*v**2 + 55*v - 81. Determine b(26).
-3
Let o(c) = -c**2 - 33*c + 35. Determine o(-32).
67
Let q(t) = 32*t + 877. What is q(-30)?
-83
Let b(w) = -w**3 + 35*w**2 - 267*w + 444. Give b(25).
19
Let p(k) = -20*k + 56. Determine p(-2).
96
Let h(v) = v**3 + 31*v**2 + 35*v + 40. Give h(-30).
-110
Let a(z) = -4*z**2 - 9*z - 37. Give a(-9).
-280
Let q(n) = -n**3 - 21*n**2 + 81*n + 32. What is q(-24)?
-184
Let l(b) = -b**3 + 9*b**2 - 25*b + 12. Give l(8).
-124
Let q(t) = t**3 - 42*t**2 + 369*t - 108. Calculate q(12).
0
Let a(i) = 22*i - 97. What is a(2)?
-53
Let m(l) = 239*l + 4317. Determine m(-18).
15
Let b(i) = -16602*i + 49807. What is b(3)?
1
Let q(d) = 28*d**2 + 10*d + 19. What is q(-2)?
111
Let u(a) = 2